{"id":6188,"date":"2025-05-09T09:22:10","date_gmt":"2025-05-09T15:22:10","guid":{"rendered":"https:\/\/garage.one\/donato\/?page_id=6188"},"modified":"2025-05-12T09:39:04","modified_gmt":"2025-05-12T15:39:04","slug":"terminos-de-uso","status":"publish","type":"page","link":"https:\/\/garage.one\/donato\/terminos-de-uso\/","title":{"rendered":"T\u00e9rminos de uso"},"content":{"rendered":"\t\t<div data-elementor-type=\"wp-page\" data-elementor-id=\"6188\" class=\"elementor elementor-6188\" data-elementor-post-type=\"page\">\n\t\t\t\t<div class=\"elementor-element elementor-element-df07225 e-flex e-con-boxed e-con e-parent\" data-id=\"df07225\" data-element_type=\"container\" data-settings=\"{&quot;background_background&quot;:&quot;classic&quot;,&quot;jet_parallax_layout_list&quot;:[],&quot;motion_fx_motion_fx_scrolling&quot;:&quot;yes&quot;,&quot;motion_fx_devices&quot;:[&quot;desktop&quot;,&quot;tablet&quot;,&quot;mobile&quot;]}\">\n\t\t\t\t\t<div class=\"e-con-inner\">\n\t\t\t\t<div class=\"elementor-element elementor-element-91360e4 elementor-widget__width-auto elementor-widget elementor-widget-heading\" data-id=\"91360e4\" data-element_type=\"widget\" data-widget_type=\"heading.default\">\n\t\t\t\t<div class=\"elementor-widget-container\">\n\t\t\t\t\t<h2 class=\"elementor-heading-title elementor-size-default\">T\u00e9rminos de uso<\/h2>\t\t\t\t<\/div>\n\t\t\t\t<\/div>\n\t\t\t\t<div class=\"elementor-element elementor-element-951511b elementor-position-left elementor-view-default elementor-mobile-position-top elementor-widget elementor-widget-icon-box\" data-id=\"951511b\" data-element_type=\"widget\" data-widget_type=\"icon-box.default\">\n\t\t\t\t<div class=\"elementor-widget-container\">\n\t\t\t\t\t\t\t<div class=\"elementor-icon-box-wrapper\">\n\n\t\t\t\t\t\t<div class=\"elementor-icon-box-icon\">\n\t\t\t\t<a href=\"https:\/\/garage.one\/donato\" class=\"elementor-icon\" tabindex=\"-1\" aria-label=\"Inicio\">\n\t\t\t\t<svg aria-hidden=\"true\" class=\"e-font-icon-svg e-fas-arrow-left\" viewBox=\"0 0 448 512\" xmlns=\"http:\/\/www.w3.org\/2000\/svg\"><path d=\"M257.5 445.1l-22.2 22.2c-9.4 9.4-24.6 9.4-33.9 0L7 273c-9.4-9.4-9.4-24.6 0-33.9L201.4 44.7c9.4-9.4 24.6-9.4 33.9 0l22.2 22.2c9.5 9.5 9.3 25-.4 34.3L136.6 216H424c13.3 0 24 10.7 24 24v32c0 13.3-10.7 24-24 24H136.6l120.5 114.8c9.8 9.3 10 24.8.4 34.3z\"><\/path><\/svg>\t\t\t\t<\/a>\n\t\t\t<\/div>\n\t\t\t\n\t\t\t\t\t\t<div class=\"elementor-icon-box-content\">\n\n\t\t\t\t\t\t\t\t\t<span class=\"elementor-icon-box-title\">\n\t\t\t\t\t\t<a href=\"https:\/\/garage.one\/donato\" >\n\t\t\t\t\t\t\tInicio\t\t\t\t\t\t<\/a>\n\t\t\t\t\t<\/span>\n\t\t\t\t\n\t\t\t\t\n\t\t\t<\/div>\n\t\t\t\n\t\t<\/div>\n\t\t\t\t\t\t<\/div>\n\t\t\t\t<\/div>\n\t\t\t\t<div class=\"elementor-element elementor-element-c9f9b99 elementor-widget elementor-widget-spacer\" data-id=\"c9f9b99\" data-element_type=\"widget\" data-widget_type=\"spacer.default\">\n\t\t\t\t<div class=\"elementor-widget-container\">\n\t\t\t\t\t\t\t<div class=\"elementor-spacer\">\n\t\t\t<div class=\"elementor-spacer-inner\"><\/div>\n\t\t<\/div>\n\t\t\t\t\t\t<\/div>\n\t\t\t\t<\/div>\n\t\t\t\t\t<\/div>\n\t\t\t\t<\/div>\n\t\t<div class=\"elementor-element elementor-element-efdf371 e-flex e-con-boxed e-con e-parent\" data-id=\"efdf371\" data-element_type=\"container\" data-settings=\"{&quot;jet_parallax_layout_list&quot;:[]}\">\n\t\t\t\t\t<div class=\"e-con-inner\">\n\t\t\t\t<div class=\"elementor-element elementor-element-68b84e9 elementor-widget elementor-widget-text-editor\" data-id=\"68b84e9\" data-element_type=\"widget\" data-widget_type=\"text-editor.default\">\n\t\t\t\t<div class=\"elementor-widget-container\">\n\t\t\t\t\t\t\t\t\t<p>Bienvenido al sitio web de Vi\u00f1edos Donato. Al acceder y utilizar nuestro sitio web, aceptas cumplir con los siguientes t\u00e9rminos y condiciones. Si no est\u00e1s de acuerdo con alguno de ellos, te recomendamos no utilizar esta plataforma.<\/p><p><strong>1. Uso del sitio<\/strong><\/p><p>Este sitio est\u00e1 destinado para usuarios mayores de edad legal en su pa\u00eds de residencia. Ofrecemos informaci\u00f3n y servicios relacionados con la venta de vinos y la reserva de experiencias en nuestro vi\u00f1edo.<\/p><p><strong>2. Compra de productos y reservas<\/strong><\/p><p>Las compras de vinos y las reservas de experiencias est\u00e1n sujetas a disponibilidad y confirmaci\u00f3n de pago. Vi\u00f1edos Donato se reserva el derecho de modificar precios, productos y fechas sin previo aviso.<\/p><p><strong>3. Informaci\u00f3n del usuario<\/strong><\/p><p>Al realizar una compra o reserva, se solicitar\u00e1 informaci\u00f3n personal. Te comprometes a proporcionar datos ver\u00eddicos y actualizados. La protecci\u00f3n de tu informaci\u00f3n est\u00e1 regulada por nuestro Aviso de Privacidad.<\/p><p><strong>4. Propiedad intelectual<\/strong><\/p><p>Todo el contenido del sitio, incluyendo textos, im\u00e1genes, logotipos y dise\u00f1o, es propiedad de Vi\u00f1edos Donato o se utiliza con la debida autorizaci\u00f3n. Est\u00e1 prohibido copiar, reproducir o distribuir el contenido sin nuestro consentimiento por escrito.<\/p><p><strong>5. Restricciones de uso<\/strong><\/p><p>No est\u00e1 permitido utilizar este sitio para fines fraudulentos, ilegales o que afecten la experiencia de otros usuarios. Nos reservamos el derecho de restringir o cancelar el acceso al sitio a quien incumpla estos t\u00e9rminos.<\/p><p><strong>6. Modificaciones<\/strong><\/p><p>Vi\u00f1edos Donato puede actualizar estos t\u00e9rminos en cualquier momento. Se recomienda revisar esta secci\u00f3n peri\u00f3dicamente.<\/p><p><strong>7. Contacto<\/strong><\/p><p>Para cualquier duda o aclaraci\u00f3n sobre estos t\u00e9rminos, puedes comunicarte con nosotros a trav\u00e9s del formulario de contacto en el sitio o al correo: contacto@vin\u0303edosdonato.com<\/p>\t\t\t\t\t\t\t\t<\/div>\n\t\t\t\t<\/div>\n\t\t\t\t\t<\/div>\n\t\t\t\t<\/div>\n\t\t\t\t<\/div>\n\t\t","protected":false},"excerpt":{"rendered":"<p>Inicio Bienvenido al sitio web de Vi\u00f1edos Donato. Al acceder y utilizar nuestro sitio web, aceptas cumplir con los siguientes t\u00e9rminos y condiciones. Si no est\u00e1s de acuerdo con alguno de ellos, te recomendamos no utilizar esta plataforma. 1. Uso del sitio Este sitio est\u00e1 destinado para usuarios mayores de edad legal en su pa\u00eds [&hellip;]<\/p>\n","protected":false},"author":8,"featured_media":0,"parent":0,"menu_order":0,"comment_status":"closed","ping_status":"closed","template":"","meta":{"footnotes":""},"class_list":["post-6188","page","type-page","status-publish","hentry"],"yoast_head":"<!-- This site is optimized with the Yoast SEO plugin v26.0 - https:\/\/yoast.com\/wordpress\/plugins\/seo\/ -->\n<title>T\u00e9rminos de uso - Donato<\/title>\n<meta name=\"robots\" content=\"index, follow, max-snippet:-1, max-image-preview:large, max-video-preview:-1\" \/>\n<link rel=\"canonical\" href=\"https:\/\/garage.one\/donato\/terminos-de-uso\/\" \/>\n<meta property=\"og:locale\" content=\"es_ES\" \/>\n<meta property=\"og:type\" content=\"article\" \/>\n<meta property=\"og:title\" content=\"T\u00e9rminos de uso - Donato\" \/>\n<meta property=\"og:description\" content=\"Inicio Bienvenido al sitio web de Vi\u00f1edos Donato. Al acceder y utilizar nuestro sitio web, aceptas cumplir con los siguientes t\u00e9rminos y condiciones. Si no est\u00e1s de acuerdo con alguno de ellos, te recomendamos no utilizar esta plataforma. 1. Uso del sitio Este sitio est\u00e1 destinado para usuarios mayores de edad legal en su pa\u00eds [&hellip;]\" \/>\n<meta property=\"og:url\" content=\"https:\/\/garage.one\/donato\/terminos-de-uso\/\" \/>\n<meta property=\"og:site_name\" content=\"Donato\" \/>\n<meta property=\"article:modified_time\" content=\"2025-05-12T15:39:04+00:00\" \/>\n<meta name=\"twitter:card\" content=\"summary_large_image\" \/>\n<meta name=\"twitter:label1\" content=\"Tiempo de lectura\" \/>\n\t<meta name=\"twitter:data1\" content=\"1 minuto\" \/>\n<script type=\"application\/ld+json\" class=\"yoast-schema-graph\">{\"@context\":\"https:\/\/schema.org\",\"@graph\":[{\"@type\":\"WebPage\",\"@id\":\"https:\/\/garage.one\/donato\/terminos-de-uso\/\",\"url\":\"https:\/\/garage.one\/donato\/terminos-de-uso\/\",\"name\":\"T\u00e9rminos de uso - Donato\",\"isPartOf\":{\"@id\":\"https:\/\/garage.one\/donato\/#website\"},\"datePublished\":\"2025-05-09T15:22:10+00:00\",\"dateModified\":\"2025-05-12T15:39:04+00:00\",\"breadcrumb\":{\"@id\":\"https:\/\/garage.one\/donato\/terminos-de-uso\/#breadcrumb\"},\"inLanguage\":\"es\",\"potentialAction\":[{\"@type\":\"ReadAction\",\"target\":[\"https:\/\/garage.one\/donato\/terminos-de-uso\/\"]}]},{\"@type\":\"BreadcrumbList\",\"@id\":\"https:\/\/garage.one\/donato\/terminos-de-uso\/#breadcrumb\",\"itemListElement\":[{\"@type\":\"ListItem\",\"position\":1,\"name\":\"Portada\",\"item\":\"https:\/\/garage.one\/donato\/\"},{\"@type\":\"ListItem\",\"position\":2,\"name\":\"T\u00e9rminos de uso\"}]},{\"@type\":\"WebSite\",\"@id\":\"https:\/\/garage.one\/donato\/#website\",\"url\":\"https:\/\/garage.one\/donato\/\",\"name\":\"Donato\",\"description\":\"\",\"publisher\":{\"@id\":\"https:\/\/garage.one\/donato\/#organization\"},\"potentialAction\":[{\"@type\":\"SearchAction\",\"target\":{\"@type\":\"EntryPoint\",\"urlTemplate\":\"https:\/\/garage.one\/donato\/?s={search_term_string}\"},\"query-input\":{\"@type\":\"PropertyValueSpecification\",\"valueRequired\":true,\"valueName\":\"search_term_string\"}}],\"inLanguage\":\"es\"},{\"@type\":\"Organization\",\"@id\":\"https:\/\/garage.one\/donato\/#organization\",\"name\":\"Donato\",\"url\":\"https:\/\/garage.one\/donato\/\",\"logo\":{\"@type\":\"ImageObject\",\"inLanguage\":\"es\",\"@id\":\"https:\/\/garage.one\/donato\/#\/schema\/logo\/image\/\",\"url\":\"https:\/\/garage.one\/donato\/wp-content\/uploads\/2024\/12\/don1.png\",\"contentUrl\":\"https:\/\/garage.one\/donato\/wp-content\/uploads\/2024\/12\/don1.png\",\"width\":749,\"height\":246,\"caption\":\"Donato\"},\"image\":{\"@id\":\"https:\/\/garage.one\/donato\/#\/schema\/logo\/image\/\"}}]}<\/script>\n<!-- \/ Yoast SEO plugin. -->","yoast_head_json":{"title":"T\u00e9rminos de uso - Donato","robots":{"index":"index","follow":"follow","max-snippet":"max-snippet:-1","max-image-preview":"max-image-preview:large","max-video-preview":"max-video-preview:-1"},"canonical":"https:\/\/garage.one\/donato\/terminos-de-uso\/","og_locale":"es_ES","og_type":"article","og_title":"T\u00e9rminos de uso - Donato","og_description":"Inicio Bienvenido al sitio web de Vi\u00f1edos Donato. Al acceder y utilizar nuestro sitio web, aceptas cumplir con los siguientes t\u00e9rminos y condiciones. Si no est\u00e1s de acuerdo con alguno de ellos, te recomendamos no utilizar esta plataforma. 1. Uso del sitio Este sitio est\u00e1 destinado para usuarios mayores de edad legal en su pa\u00eds [&hellip;]","og_url":"https:\/\/garage.one\/donato\/terminos-de-uso\/","og_site_name":"Donato","article_modified_time":"2025-05-12T15:39:04+00:00","twitter_card":"summary_large_image","twitter_misc":{"Tiempo de lectura":"1 minuto"},"schema":{"@context":"https:\/\/schema.org","@graph":[{"@type":"WebPage","@id":"https:\/\/garage.one\/donato\/terminos-de-uso\/","url":"https:\/\/garage.one\/donato\/terminos-de-uso\/","name":"T\u00e9rminos de uso - Donato","isPartOf":{"@id":"https:\/\/garage.one\/donato\/#website"},"datePublished":"2025-05-09T15:22:10+00:00","dateModified":"2025-05-12T15:39:04+00:00","breadcrumb":{"@id":"https:\/\/garage.one\/donato\/terminos-de-uso\/#breadcrumb"},"inLanguage":"es","potentialAction":[{"@type":"ReadAction","target":["https:\/\/garage.one\/donato\/terminos-de-uso\/"]}]},{"@type":"BreadcrumbList","@id":"https:\/\/garage.one\/donato\/terminos-de-uso\/#breadcrumb","itemListElement":[{"@type":"ListItem","position":1,"name":"Portada","item":"https:\/\/garage.one\/donato\/"},{"@type":"ListItem","position":2,"name":"T\u00e9rminos de uso"}]},{"@type":"WebSite","@id":"https:\/\/garage.one\/donato\/#website","url":"https:\/\/garage.one\/donato\/","name":"Donato","description":"","publisher":{"@id":"https:\/\/garage.one\/donato\/#organization"},"potentialAction":[{"@type":"SearchAction","target":{"@type":"EntryPoint","urlTemplate":"https:\/\/garage.one\/donato\/?s={search_term_string}"},"query-input":{"@type":"PropertyValueSpecification","valueRequired":true,"valueName":"search_term_string"}}],"inLanguage":"es"},{"@type":"Organization","@id":"https:\/\/garage.one\/donato\/#organization","name":"Donato","url":"https:\/\/garage.one\/donato\/","logo":{"@type":"ImageObject","inLanguage":"es","@id":"https:\/\/garage.one\/donato\/#\/schema\/logo\/image\/","url":"https:\/\/garage.one\/donato\/wp-content\/uploads\/2024\/12\/don1.png","contentUrl":"https:\/\/garage.one\/donato\/wp-content\/uploads\/2024\/12\/don1.png","width":749,"height":246,"caption":"Donato"},"image":{"@id":"https:\/\/garage.one\/donato\/#\/schema\/logo\/image\/"}}]}},"_links":{"self":[{"href":"https:\/\/garage.one\/donato\/wp-json\/wp\/v2\/pages\/6188","targetHints":{"allow":["GET"]}}],"collection":[{"href":"https:\/\/garage.one\/donato\/wp-json\/wp\/v2\/pages"}],"about":[{"href":"https:\/\/garage.one\/donato\/wp-json\/wp\/v2\/types\/page"}],"author":[{"embeddable":true,"href":"https:\/\/garage.one\/donato\/wp-json\/wp\/v2\/users\/8"}],"replies":[{"embeddable":true,"href":"https:\/\/garage.one\/donato\/wp-json\/wp\/v2\/comments?post=6188"}],"version-history":[{"count":4,"href":"https:\/\/garage.one\/donato\/wp-json\/wp\/v2\/pages\/6188\/revisions"}],"predecessor-version":[{"id":6192,"href":"https:\/\/garage.one\/donato\/wp-json\/wp\/v2\/pages\/6188\/revisions\/6192"}],"wp:attachment":[{"href":"https:\/\/garage.one\/donato\/wp-json\/wp\/v2\/media?parent=6188"}],"curies":[{"name":"wp","href":"https:\/\/api.w.org\/{rel}","templated":true}]}}